= -1305 - -1752. List the prime factors of d.
3, 149
Let m be 1398/(8/(0 + 4)). Let n = m - 466. List the prime factors of n.
233
Let i = -16 - -17. Let k(q) = -2*q + 15. Let h(c) = 1. Let r(v) = i*k(v) - 6*h(v). What are the prime factors of r(-12)?
3, 11
Let a be (-132)/(-30)*10/4. Suppose i - a = -7. Suppose q - i = 9. What are the prime factors of q?
13
What are the prime factors of (-6)/8 + (-8436)/(-48) + -14?
7, 23
Let w(x) = x**2 - 11*x + 740. What are the prime factors of w(0)?
2, 5, 37
Let b(w) = w**3 - 6*w**2 - 3*w - 5. Suppose 5 = h + j, -4*h + 22 = -0*h + 3*j. Let f be b(h). List the prime factors of (-2 + 1 + 3)*f.
2, 23
Suppose 0 = 3*w + 4*y - 0*y - 1768, 0 = w - y - 580. What are the prime factors of w?
2, 73
Let t = -383 + 1361. List the prime factors of t.
2, 3, 163
Suppose r + 48 = 5*r. Let j = r - 7. Suppose -j*u + 5*b + 170 = 0, u + 5*b - 36 = 4*b. List the prime factors of u.
5, 7
Suppose -4*p - 4*n + 28 = 0, -3*p + 29 = 5*n - 2. Suppose 0 = a + f - 45, a + a - 100 = 3*f. Suppose p = -2*w + w, -s - w + a = 0. List the prime factors of s.
7
Suppose 3*q - 19 = 47. Let w = -13 + q. Suppose -5*p + w = a, -50 = -3*a - 4*p + 10. What are the prime factors of a?
2, 3
Let n = -145 - -245. What are the prime factors of n?
2, 5
Let r be (932/6)/(2/(-3)). What are the prime factors of 1/(-4) - r/4?
2, 29
Let k be 7/(-28) - 133/(-4). Let p be ((-11)/k)/((-2)/1884). Suppose -5*f = -p + 9. What are the prime factors of f?
61
Suppose -5*p + 418 = -2*b - 258, -b = 2*p - 274. Suppose n - 4 = -3*n, p = 3*i - 2*n. Suppose i = 2*g - 5*j, 40 = 2*g - 2*j - 0. List the prime factors of g.
2, 3
Let n be (471 - 0)/((-10)/(-10)). Suppose 5*x - n + 46 = 0. Suppose -5*m = -2*b - 235, 2*m = 2*b - 3*b + x. List the prime factors of m.
3, 5
Let f = 13 - 9. Suppose f = 3*o - 5*r + 16, o - 5*r - 6 = 0. Let l(y) = -y**3 - 9*y**2 - 5*y - 12. List the prime factors of l(o).
3, 11
Suppose 4*d = -20, 0*n + 1421 = 2*n - 5*d. List the prime factors of n.
2, 349
List the prime factors of (108/(-5))/((-111)/8510).
2, 3, 23
Suppose 2*t = -t - h + 3, -5*h - 13 = t. Suppose -2*a = 5*i + 2278, -a + 459 = -i + t*a. List the prime factors of 10/(-25) - i/15.
2, 3, 5
Let b(q) = -13*q - 3. Let n be -2 - -2 - -2 - -1. Suppose -y + n*d + 13 = -6*y, -5*y - 6 = -4*d. What are the prime factors of b(y)?
23
Let b be (4/(-8))/(1/(-6)). Suppose 3*w - 7*m = -b*m + 49, 4*m = -4. What are the prime factors of w?
3, 5
Let x(u) = -103*u + 371. List the prime factors of x(-12).
1607
Let r = 70 + -71. List the prime factors of (-6 - -6) + (61 - r).
2, 31
Let m(q) = 2*q + 1. Let b be m(14). Let l be (-18)/(-30)*5*b. Suppose a + l = 4*a. List the prime factors of a.
29
Let g(c) = -c**2 + 20*c - 16. Let x be g(19). Suppose 0 = -s + x*s - 244. List the prime factors of s.
2, 61
Suppose -3*p = -m - 924, 0*m - 2*m = -6. List the prime factors of p.
3, 103
Suppose -10 = -3*d + 2. Suppose 0 = -4*n + d + 4. Suppose 2*o - 72 = -n*o. What are the prime factors of o?
2, 3
Let q(x) = 10*x + 20. Let v = -22 - -28. Let b be q(v). Let w = b + -53. List the prime factors of w.
3
Let k(z) = 3*z**2 + 6*z - 24. Suppose 2*w + 36 = -4*t, -t + 2*w = -2*w. List the prime factors of k(t).
2, 3, 5
Let n(x) be the second derivative of 2*x**4/3 + 4*x**3/3 + x**2/2 - 35*x. What are the prime factors of n(-4)?
97
Let v = -59 - -551. What are the prime factors of v?
2, 3, 41
Let g be 1*2/(-4)*-10. Suppose 56 = -g*x - 29. Let u = -6 - x. List the prime factors of u.
11
Let p be ((-6)/15)/((-2)/10). Suppose -3*d = p*d. Suppose 7*m - 8*m + 24 = d. List the prime factors of m.
2, 3
Suppose -2*l = -1526 + 434. List the prime factors of l.
2, 3, 7, 13
Let g be (54/(-15))/((-8)/(-20)). Let v = g + 11. List the prime factors of v.
2
Let w(r) = -4*r + 1. Let k be w(3). Let v(g) = g + 20. Let h be v(k). Suppose -h*b + 6*b = -90. List the prime factors of b.
2, 3, 5
Let h(w) = 4*w**3 - 3*w**2 - 3*w + 6. Let g be h(5). Let u = g + -266. What are the prime factors of u?
2, 3, 5
Suppose 18*i - 22410 = 3*i. List the prime factors of i.
2, 3, 83
Let s(m) be the first derivative of -m**3/3 + 21*m**2/2 + 10*m + 10. What are the prime factors of s(16)?
2, 3, 5
Suppose 0 = -12*f + 2759 + 2233. What are the prime factors of f?
2, 13
Let v = -1124 + 1988. List the prime factors of v.
2, 3
Let m(t) = -37*t**2 - t + 4. Let r(p) = 38*p**2 + p - 3. Let q(u) = 3*m(u) + 4*r(u). What are the prime factors of q(1)?
2, 3, 7
Let s = 10 + -6. Let g(u) = u**2. Let o(a) = -5*a**2 - 2*a + 3. Let f(x) = 6*g(x) + o(x). List the prime factors of f(s).
11
Suppose -114*w + 119*w - 60 = 0. Suppose 14*d = w*d + 368. What are the prime factors of d?
2, 23
Suppose -3*q = 4*k + 736, 2*q - 571 + 189 = 2*k. What are the prime factors of k/(-4) + (-25)/(-100)?
47
Let r(j) = -3*j - 4*j + 6*j + 9*j**2 - j**3 - j**2 + 8. Let a be r(8). Suppose -5*q = -a*q + 3*g - 297, -2*g + 118 = 2*q. What are the prime factors of q?
2, 3, 5
Let i = -30 - -32. Let t(v) = v**2 + i*v - v - v + 5*v + 4. List the prime factors of t(-6).
2, 5
Let n = -51 - -35. Let l be (n/(-6))/(4/6). Suppose -4*i - h + 131 = l*h, 102 = 3*i + 3*h. What are the prime factors of i?
3, 13
Let t = 232 - 135. Let c = -29 + t. List the prime factors of c.
2, 17
Let t = 612 - 59. What are the prime factors of t?
7, 79
Let g be (-24)/(5/((-180)/8)). Suppose 5*x + 94 + g = 2*l, -5*l = -5*x - 490. Let h = l - 62. What are the prime factors of h?
2, 17
Suppose -43 = 3*z + 245. Let v = z + 175. Suppose 7*j - v = -30. What are the prime factors of j?
7
Let o = 3 + -7. Let v(c) = 3*c - 3. Let m be v(o). Let g = -7 - m. List the prime factors of g.
2
Let b = 268 - 90. Suppose 3*p = 2*o - 0*o + 111, 0 = -5*p + o + b. List the prime factors of p.
5, 7
Let q = 600 + -186. List the prime factors of q.
2, 3, 23
Suppose -2*g + x = -7*g + 585, 5*g = -2*x + 585. What are the prime factors of g?
3, 13
Suppose 0 = 2*j - j - 5*s + 25, -5*s + 25 = 5*j. Suppose -2 = 2*d - j. What are the prime factors of 14*16/((-4)/d)?
2, 7
Let a(h) = -h**3 + 13*h**2 + 7. Let c be a(13). Suppose c*t - 4*t = 480. List the prime factors of t.
2, 5
Let d be (0 - (-1 - -4))/((-2)/(-22)). List the prime factors of (18426/d)/(-2) - 16/88.
3, 31
Suppose 0*c = -3*c + 891. List the prime factors of c.
3, 11
Let p(c) = -c**2 + 9*c + 13. Let u = 27 + -16. Let n be p(u). What are the prime factors of ((-18)/4)/(n/54)?
3
What are the prime factors of (-8019)/(-63) + (-2)/7?
127
Let u(w) = 2*w + 1. Let x be u(1). Let t be 5/(x + -1 + -1). Suppose m - 2*m = -4*i + 1, 0 = t*m - 2*i - 85. List the prime factors of m.
19
Let h(w) = 59*w + 1. Let l be h(1). Let n = l - 33. Suppose -5*i = -3*b + n + 78, 0 = -4*b + 4*i + 148. List the prime factors of b.
2, 5
Let j(b) = -8*b + 99. What are the prime factors of j(-16)?
227
Let v(y) = 0 - y**2 + 7*y - y**3 - 8 + 6*y**2 + y. Let z be v(6). List the prime factors of 21/z - (-1)/(-4).
5
Suppose 2*s + 22 = -3*j - 0*s, 2*s = -5*j - 38. Let h = -4 - j. Suppose -a = -3*a + u + 43, -3*a = h*u - 70. List the prime factors of a.
2, 11
Let u = 22 + -45. Let s = u - -13. Let c = 23 - s. List the prime factors of c.
3, 11
Let k(p) = p**3 - 5*p**2 - 5*p + 3. List the prime factors of k(6).
3
Let y be 2/6 + 250/6. What are the prime factors of y/4*(-20)/(-3)?
2, 5, 7
Suppose -4*o + 0*s - 74 = -2*s, o + 4*s = -14. Let l = o + -28. Let b = l + 93. What are the prime factors of b?
47
Let s(b) = 63*b**2 + 10*b + 63. List the prime factors of s(8).
5, 167
Let d = -138 - -200. Suppose -z + d + 2 = 0. List the prime factors of z.
2
Let i be (-2)/(-5 + 0 + (-16)/(-4)). Suppose 3*s - 3*c - 192 = 0, -263 = -4*s - c - i*c. What are the prime factors of s?
5, 13
Suppose 0 = -h - 2*h + 132. Suppose -h = -2*i + 44. Let x = 74 - i. What are the prime factors of x?
2, 3, 5
Let l = -254 + 405. List the prime factors of l.
151
Let q(w) be the first derivative of 12*w**2 - 3*w - 6. What are the prime factors of q(2)?
3, 5
Let v(q) = 2*q + 22. Let u be v(11). Suppose -39*t - u = -43*t. List the prime factors of t.
11
Let n(g) = g + 1. Let y(i) = -10*i + 5. Let c(f) = 4*n(f) - y(f). Suppose 4*x - 23 = -19. List the prime factors of c(x).
13
Suppose -4*o = -5*r + 25, o - 70 + 29 = -4*r. Let t(y) = -r*y**2 - 5*y - y**3 - 5*y - 2*y**2 - 6 + 4*y**2. Lis